339
List the prime factors of 123989993.
17, 29, 251501
List the prime factors of 867779375.
5, 59, 101, 233
What are the prime factors of 12000482?
2, 13, 59, 7823
List the prime factors of 1061549495.
5, 29, 7321031
List the prime factors of 1462712205.
3, 5, 97514147
List the prime factors of 639535410.
2, 3, 5, 17, 417997
What are the prime factors of 66298657?
17, 19, 83, 2473
What are the prime factors of 1601252789?
1601252789
List the prime factors of 478366962.
2, 3, 79, 211, 4783
List the prime factors of 885568603.
263, 3367181
What are the prime factors of 9712849?
9712849
What are the prime factors of 15309150?
2, 3, 5, 102061
What are the prime factors of 20175379?
7, 17, 9973
List the prime factors of 26841965.
5, 19, 29, 9743
What are the prime factors of 472088325?
3, 5, 6294511
What are the prime factors of 4109544777?
3, 13, 97, 83563
List the prime factors of 74512881.
3, 8279209
List the prime factors of 82854536.
2, 281, 36857
What are the prime factors of 1198118945?
5, 17, 14095517
What are the prime factors of 194240807?
3533, 54979
What are the prime factors of 4409903137?
23, 3823, 50153
What are the prime factors of 270376055?
5, 53, 59, 17293
What are the prime factors of 73910343?
3, 13, 419, 4523
What are the prime factors of 356001612?
2, 3, 61, 486341
List the prime factors of 119007539.
7, 103, 165059
What are the prime factors of 852538077?
3, 94726453
What are the prime factors of 810169679?
11, 73651789
What are the prime factors of 2267237957?
103, 22012019
List the prime factors of 24584004.
2, 3, 383, 1783
List the prime factors of 849197900.
2, 5, 83, 101, 1013
List the prime factors of 488027759.
488027759
List the prime factors of 434891869.
434891869
What are the prime factors of 2504841858?
2, 3, 19, 307, 23857
List the prime factors of 194509567.
7, 3969583
List the prime factors of 29562742.
2, 11, 983, 1367
List the prime factors of 41005754.
2, 20502877
List the prime factors of 747338384.
2, 13, 3592973
List the prime factors of 1499912332.
2, 374978083
List the prime factors of 881355919.
881355919
List the prime factors of 1285004811.
3, 428334937
What are the prime factors of 4071106541?
4071106541
List the prime factors of 46558503.
3, 1724389
List the prime factors of 41433045.
3, 5, 59, 46817
What are the prime factors of 2117468199?
3, 7, 11, 9166529
What are the prime factors of 63753519?
3, 17, 1250069
What are the prime factors of 1105749496?
2, 17, 103, 193, 409
List the prime factors of 1250291821.
509, 563, 4363
What are the prime factors of 38409738?
2, 3, 941, 6803
What are the prime factors of 77299176?
2, 3, 3220799
What are the prime factors of 6131864?
2, 191, 4013
List the prime factors of 166017571.
53, 3132407
List the prime factors of 341197941.
3, 7, 41, 53, 7477
List the prime factors of 32200245.
3, 5, 7, 11, 9293
What are the prime factors of 7140755?
5, 1428151
List the prime factors of 390371223.
3, 11, 73, 131, 1237
List the prime factors of 73965307.
13, 5689639
What are the prime factors of 306393592?
2, 5441, 7039
What are the prime factors of 621464423?
43, 863, 16747
What are the prime factors of 511215518?
2, 11, 23237069
List the prime factors of 7342729691.
11, 23, 29022647
List the prime factors of 180969283.
11, 163, 100931
What are the prime factors of 4592098138?
2, 31, 317, 7537
List the prime factors of 3269157119.
19, 1831, 93971
List the prime factors of 246622094.
2, 17, 37, 196043
What are the prime factors of 4457228324?
2, 1787, 623563
List the prime factors of 81914675.
5, 3276587
List the prime factors of 1338333468.
2, 3, 111527789
What are the prime factors of 805213260?
2, 3, 5, 89, 50263
What are the prime factors of 43212491?
7, 431, 14323
What are the prime factors of 935479768?
2, 116934971
What are the prime factors of 1636362279?
3, 13469, 13499
List the prime factors of 20071470.
2, 3, 5, 669049
List the prime factors of 44597651.
7, 569, 11197
What are the prime factors of 35104110?
2, 3, 5, 1170137
List the prime factors of 206243231.
23, 8967097
What are the prime factors of 353106126?
2, 3, 19617007
List the prime factors of 920820345.
3, 5, 61388023
List the prime factors of 155707790.
2, 5, 7, 317771
List the prime factors of 1142053053.
3, 380684351
List the prime factors of 118383450.
2, 3, 5, 53, 14891
List the prime factors of 5652539399.
13, 434810723
List the prime factors of 690530859.
3, 31, 825007
What are the prime factors of 13976546?
2, 6988273
What are the prime factors of 211682212?
2, 7, 53, 67, 2129
What are the prime factors of 956970132?
2, 3, 79747511
List the prime factors of 5058307487.
359, 14089993
What are the prime factors of 252605798?
2, 19, 6647521
What are the prime factors of 27155345?
5, 7, 53, 14639
List the prime factors of 279231089.
47, 5941087
List the prime factors of 2470558058.
2, 2557, 483097
What are the prime factors of 268578402?
2, 3, 179, 250073
What are the prime factors of 607370437?
163, 491, 7589
List the prime factors of 58049648.
2, 29, 125107
What are the prime factors of 104224535?
5, 17, 1033, 1187
List the prime factors of 68571574.
2, 17, 373, 5407
List the prime factors of 16508290.
2, 5, 37, 44617
What are the prime factors of 848876147?
7, 17, 1019059
What are the prime factors of 5990266156?
2, 7, 213938077
List the prime factors of 346188178.
2, 7, 24727727
What are the prime factors of 83751897?
3, 83, 336353
What are the prime factors of 369629356?
2, 139, 389, 1709
What are the prime factors of 644318341?
193, 3338437
What are the prime factors of 291621624?
2, 3, 7, 1735843
What are the prime factors of 7040892131?
7, 13, 77372441
What are the prime factors of 32324240?
2, 5, 13, 31081
List the prime factors of 11096396.
2, 23, 103, 1171
List the prime factors of 69306801.
3, 23102267
What are the prime factors of 256210064?
2, 11, 23, 167, 379
List the prime factors of 159025303.
71, 2239793
List the prime factors of 998112150.
2, 3, 5, 7, 316861
What are the prime factors of 3090012488?
2, 386251561
List the prime factors of 33309921.
3, 67, 165721
List the prime factors of 81724983.
3, 43, 233, 2719
List the prime factors of 1985740842.
2, 3, 330956807
List the prime factors of 639997.
639997
What are the prime factors of 690485052?
2, 3, 57540421
What are the prime factors of 5722165574?
2, 41, 43, 1622849
List the prime factors of 89156833.
67, 1330699
List the prime factors of 1971891870.
2, 3, 5, 13, 5056133
What are the prime factors of 635974974?
2, 3, 71, 497633
What are the prime factors of 406448831?
406448831
List the prime factors of 18925925.
5, 619, 1223
List the prime factors of 2172810646.
2, 31, 35045333
What are the prime factors of 769814115?
3, 5, 7, 7331563
What are the prime factors of 4009190308?
2, 17, 157, 375533
List the prime factors of 36396395.
5, 7, 1039897
List the prime factors of 1930019654.
2, 23, 43, 975743
List the prime factors of 171544705.
5, 17, 2018173
What are the prime factors of 6455340993?
3, 2151780331
What are the prime factors of 2137008667?
37, 57756991
What are the prime factors of 1691914757?
13, 130147289
List the prime factors of 303361915.
5, 823, 73721
What are the prime factors of 92030424?
2, 3, 3834601
List the prime factors of 1758656625.
3, 5, 11, 19, 1181
List the prime factors of 86254187.
86254187
List the prime factors of 21656680.
2, 5, 541417
What are the prime factors of 127472462?
2, 13, 4902787
List the prime factors of 3277503641.
113, 5197, 5581
What are the prime factors of 4301642294?
2, 17, 19, 1871, 3559
List the prime factors of 45701382.
2, 3, 7616897
List the prime factors of 214559328.
2, 3, 2234993
What are the prime factors of 402462315?
3, 5, 8943607
What are the prime factors of 6170501972?
2, 47, 2243, 14633
What are the prime factors of 16213205?
5, 71, 109, 419
List the prime factors of 1303176037.
1303176037
What are the prime factors of 413435?
5, 11, 7517
List the prime factors of 170038411.
1787, 95153
List the prime factors of 300611734.
2, 317, 474151
List the prime factors of 227250904.
2, 3833, 7411
List the prime factors of 1583754815.
5, 23, 29, 31, 15319
What are the prime factors of 228543200?
2, 5, 29, 9851
List the prime factors of 1883088648.
2, 3, 7, 193, 2